{"id":154,"date":"2022-02-14T19:13:18","date_gmt":"2022-02-14T18:13:18","guid":{"rendered":"https:\/\/www.avtsportif.fr\/?page_id=154"},"modified":"2022-02-14T19:13:18","modified_gmt":"2022-02-14T18:13:18","slug":"tir-aux-armes-reglementaires","status":"publish","type":"page","link":"https:\/\/www.avtsportif.fr\/index.php\/tir-aux-armes-reglementaires\/","title":{"rendered":"Tir aux Armes R\u00e9glementaires"},"content":{"rendered":"\n<p>Un tir d\u2019inspiration militaire pratiqu\u00e9 avec un armement r\u00e9glementaire qui n\u2019a pas \u00e9t\u00e9 con\u00e7u ou am\u00e9lior\u00e9 pour la comp\u00e9tition.<\/p>\n\n\n\n<h2 class=\"wp-block-heading\" id=\"epreuves-fusil\">\u00c9preuves fusil<\/h2>\n\n\n\n<p><strong>Distance<\/strong> : 200 m\u00e8tres<\/p>\n\n\n\n<ul class=\"wp-block-list\"><li>810 Fusil \u00e0 r\u00e9p\u00e9tition<\/li><li>812 Fusil \u00e0 r\u00e9p\u00e9tition modifi\u00e9<\/li><li>815 Fusil semi-automatique petit calibre<\/li><li>816 Fusil semi-automatique gros calibre (> 223)<\/li><li>25 cartouches, position \u00ab couch\u00e9 \u00bb sans appui sur cible C 200<\/li><\/ul>\n\n\n\n<p><strong>D\u00e9tail des tirs pour cette \u00e9preuve<\/strong> :<\/p>\n\n\n\n<ul class=\"wp-block-list\"><li>5 coups d\u2019essai (<strong>5\u00a0<\/strong>mn)<\/li><li>10 coups (en 2 approvisionnements de 5 cartouches) en pr\u00e9cision (<strong>7\u00a0<\/strong>mn)<\/li><li>10 coups (en 2 approvisionnements de 5 cartouches) en vitesse :<ul><li>dur\u00e9e s\u00e9rie vitesse pour les \u00e9preuves FSA &#8211; 815 et 816 : 1 minute<\/li><li>dur\u00e9e s\u00e9rie vitesse pour les \u00e9preuves Fusil \u00e0 r\u00e9p\u00e9tition \u2013 810 et 812 (pour toutes les armes) : 3 minutes<\/li><\/ul><\/li><\/ul>\n\n\n\n<h2 class=\"wp-block-heading\" id=\"epreuve-carabine-22-lr-820\">\u00c9preuve carabine 22 LR (820)<\/h2>\n\n\n\n<p><strong>Distance<\/strong> : 50 m\u00e8tres<\/p>\n\n\n\n<p><strong>Arme<\/strong> : carabine d\u2019instruction initiale et carabine de match r\u00e8glementaire<\/p>\n\n\n\n<p>25 cartouches, positions \u00ab couch\u00e9 \u00bb et \u00ab debout \u00bb\u00a0sur cible C50.<\/p>\n\n\n\n<p><strong>D\u00e9tail des tirs pour cette \u00e9preuve<\/strong> :<\/p>\n\n\n\n<ul class=\"wp-block-list\"><li>5 coups d\u2019essai en position \u00ab couch\u00e9 \u00bb (<strong>5\u00a0<\/strong>mn).<\/li><li>10 coups en pr\u00e9cision en position \u00ab couch\u00e9\u00a0<strong>\u00bb\u00a0<\/strong>(<strong>7\u00a0<\/strong>mn).<\/li><li>10 coups en vitesse en position \u00ab debout \u00bb (<strong>5\u00a0<\/strong>mn).<\/li><\/ul>\n\n\n\n<h2 class=\"wp-block-heading\" id=\"epreuve-pistolet-revolver-confondus\">\u00c9preuve pistolet &amp; revolver confondus\u00a0:<\/h2>\n\n\n\n<p><strong>Distance<\/strong> : 25 m\u00e8tres<\/p>\n\n\n\n<ul class=\"wp-block-list\"><li>830 Pistolets et revolver<\/li><li>832 Armes authentiques<\/li><\/ul>\n\n\n\n<p>Armes de poing en version standard organe de vis\u00e9e fixe et ouvert,<\/p>\n\n\n\n<p>Calibre r\u00e9glementaire compris entre 7,62 et 11,60 mm<\/p>\n\n\n\n<p>Armes dites \u00ab historiques \u00bb la liste consultable sur le r\u00e8glement du TAR,<\/p>\n\n\n\n<p>Le tireur peut participer aux deux \u00e9preuves sur tous les \u00e9chelons qualificatifs mais ne peut utiliser la m\u00eame arme pour les deux \u00e9preuves.<\/p>\n\n\n\n<p><strong>D\u00e9tail des tirs pour cette \u00e9preuve :<\/strong><\/p>\n\n\n\n<ul class=\"wp-block-list\"><li>5 coups d\u2019essai \u00e0 25 m\u00e8tres, \u00e0 1 ou 2 mains sur C50 (3\u00a0mn).<\/li><li>10 coups (2 approvisionnements de 5 cartouches) en pr\u00e9cision, 1 main \u00e0 bras franc (7\u00a0mn) sur cible C50.<\/li><li>20 coups en vitesse sur gongs m\u00e9talliques (format 20 cm x 20 cm) \u00e0 1 ou 2 mains en 4 s\u00e9ries de 5 cartouches chacune,<ul><li>la 1<sup>\u00e8re<\/sup> et la 2<sup>\u00e8me<\/sup> en\u00a020\u00a0secondes,<\/li><li>la 3<sup>\u00e8me<\/sup> et la 4<sup>\u00e8me<\/sup> en\u00a010\u00a0secondes.<\/li><\/ul><\/li><\/ul>\n\n\n\n<h2 class=\"wp-block-heading\" id=\"epreuve-vitesse-reglementaire-381\">\u00c9preuve Vitesse\u00a0R\u00e9glementaire\u00a0(381)<\/h2>\n\n\n\n<p><strong>Distance<\/strong> : 25 m\u00e8tres<\/p>\n\n\n\n<p>Armes de poing en version standard, organes de vis\u00e9e fixes et ouverts,<\/p>\n\n\n\n<p>Calibre r\u00e9glementaire compris entre 7,62 et 11,60 mm<\/p>\n\n\n\n<p><strong>Cibles utilis\u00e9es<\/strong> : cible vitesse 25 m<\/p>\n\n\n\n<p><strong>D\u00e9tail des tirs pour cette \u00e9preuve<\/strong> :<\/p>\n\n\n\n<ul class=\"wp-block-list\"><li>1 s\u00e9rie de 5 coups d\u2019essai en 20 secondes \u00e0 1 ou 2 mains<\/li><li>2 s\u00e9ries de 5 coups de match en 20 secondes \u00e0 1 ou 2 mains,<\/li><li>2 s\u00e9ries de 5 coups de match en 10 secondes \u00e0 1 ou 2 mains.<\/li><\/ul>\n\n\n\n<h2 class=\"wp-block-heading\" id=\"epreuve-carabine-semi-automatique-821\"><strong>Epreuve Carabine Semi-Automatique (821)<\/strong><\/h2>\n\n\n\n<p><strong>Distance<\/strong> : 25 et 50 m\u00e8tres<\/p>\n\n\n\n<p>Armes d\u2019\u00e9paule calibre 22LR semi-automatique ayant l\u2019apparence d\u2019une arme militaire.<\/p>\n\n\n\n<p>La ciblerie est compos\u00e9e de cinq (5) cibles basculantes, type biathlon dont le diam\u00e8tre du visuel est de 11,5 cm de diam\u00e8tre.<\/p>\n\n\n\n<p><strong>D\u00e9tail des tirs pour cette \u00e9preuve<\/strong> :<\/p>\n\n\n\n<ul class=\"wp-block-list\"><li>1 s\u00e9rie de 10 balles d\u2019essai en 30 secondes \u00e0 la distance choisie par le tireur<\/li><li>2 s\u00e9ries de 10 coups de match en 30 secondes (pr\u00e9cision) \u2013 5 cibles \u00e0 25 m et 5 cibles \u00e0 50 m<\/li><li>2 s\u00e9ries de 10 coups en 20 secondes (vitesse) &#8211; 5 cibles \u00e0 25 m et 5 cibles \u00e0 50 m<\/li><\/ul>\n\n\n\n<p class=\"has-text-align-center\"><a href=\"https:\/\/www.avtsportif.fr\/wp-content\/uploads\/2022\/02\/TAR-Liste-des-armes-.pdf\" target=\"_blank\" rel=\"noreferrer noopener\">Liste des armes et modifications agr\u00e9es<\/a><\/p>\n\n\n\n<hr class=\"wp-block-separator\"\/>\n\n\n\n<p class=\"has-text-align-right\">Retour vers <a href=\"https:\/\/www.avtsportif.fr\/index.php\/les-disciplines-pratiquees\/\" data-type=\"page\" data-id=\"116\">Les disciplines pratiqu\u00e9es<\/a><\/p>\n","protected":false},"excerpt":{"rendered":"<p>Un tir d\u2019inspiration militaire pratiqu\u00e9 avec un armement r\u00e9glementaire qui n\u2019a pas \u00e9t\u00e9 con\u00e7u ou am\u00e9lior\u00e9 pour la comp\u00e9tition. \u00c9preuves fusil Distance : 200 m\u00e8tres 810 Fusil \u00e0 r\u00e9p\u00e9tition 812 Fusil \u00e0 r\u00e9p\u00e9tition modifi\u00e9 815 Fusil semi-automatique petit calibre 816 Fusil semi-automatique gros calibre (> 223) 25 cartouches, position \u00ab couch\u00e9 \u00bb sans appui sur &hellip; <a href=\"https:\/\/www.avtsportif.fr\/index.php\/tir-aux-armes-reglementaires\/\" class=\"more-link\">Continuer la lecture<span class=\"screen-reader-text\"> de &laquo;&nbsp;Tir aux Armes R\u00e9glementaires&nbsp;&raquo;<\/span><\/a><\/p>\n","protected":false},"author":1,"featured_media":0,"parent":0,"menu_order":0,"comment_status":"closed","ping_status":"closed","template":"","meta":{"ngg_post_thumbnail":0,"footnotes":""},"class_list":["post-154","page","type-page","status-publish","hentry"],"_links":{"self":[{"href":"https:\/\/www.avtsportif.fr\/index.php\/wp-json\/wp\/v2\/pages\/154","targetHints":{"allow":["GET"]}}],"collection":[{"href":"https:\/\/www.avtsportif.fr\/index.php\/wp-json\/wp\/v2\/pages"}],"about":[{"href":"https:\/\/www.avtsportif.fr\/index.php\/wp-json\/wp\/v2\/types\/page"}],"author":[{"embeddable":true,"href":"https:\/\/www.avtsportif.fr\/index.php\/wp-json\/wp\/v2\/users\/1"}],"replies":[{"embeddable":true,"href":"https:\/\/www.avtsportif.fr\/index.php\/wp-json\/wp\/v2\/comments?post=154"}],"version-history":[{"count":1,"href":"https:\/\/www.avtsportif.fr\/index.php\/wp-json\/wp\/v2\/pages\/154\/revisions"}],"predecessor-version":[{"id":156,"href":"https:\/\/www.avtsportif.fr\/index.php\/wp-json\/wp\/v2\/pages\/154\/revisions\/156"}],"wp:attachment":[{"href":"https:\/\/www.avtsportif.fr\/index.php\/wp-json\/wp\/v2\/media?parent=154"}],"curies":[{"name":"wp","href":"https:\/\/api.w.org\/{rel}","templated":true}]}}