{"id":161,"date":"2022-02-14T19:21:51","date_gmt":"2022-02-14T18:21:51","guid":{"rendered":"https:\/\/www.avtsportif.fr\/?page_id=161"},"modified":"2025-05-28T12:30:38","modified_gmt":"2025-05-28T10:30:38","slug":"les-tarifs","status":"publish","type":"page","link":"https:\/\/www.avtsportif.fr\/index.php\/les-tarifs\/","title":{"rendered":"Tarifs et inscription"},"content":{"rendered":"\n<h2 class=\"wp-block-heading\" id=\"cotisation-adherents-2021-2022\">COTISATION ADH\u00c9RENTS 2025\/2026<\/h2>\n\n\n\n<div class=\"wp-block-columns is-layout-flex wp-container-core-columns-is-layout-9d6595d7 wp-block-columns-is-layout-flex\">\n<div class=\"wp-block-column is-layout-flow wp-block-column-is-layout-flow\" style=\"flex-basis:100%\">\n<figure class=\"wp-block-table is-style-regular\"><table><tbody><tr><td class=\"has-text-align-left\" data-align=\"left\"><strong>Cat\u00e9gories<\/strong><\/td><td class=\"has-text-align-center\" data-align=\"center\"><strong>Tarifs pour une premi\u00e8re inscription<\/strong><\/td><td class=\"has-text-align-center\" data-align=\"center\"><strong>Tarifs pour un renouvellement<\/strong><\/td><\/tr><tr><td class=\"has-text-align-left\" data-align=\"left\">Poussin de 2016 \u00e0 2017<\/td><td class=\"has-text-align-center\" data-align=\"center\">177 \u20ac<\/td><td class=\"has-text-align-center\" data-align=\"center\">147 \u20ac<\/td><\/tr><tr><td class=\"has-text-align-left\" data-align=\"left\">Benjamin de 2014 \u00e0 2015<\/td><td class=\"has-text-align-center\" data-align=\"center\">177 \u20ac<\/td><td class=\"has-text-align-center\" data-align=\"center\">147 \u20ac<\/td><\/tr><tr><td class=\"has-text-align-left\" data-align=\"left\">Minime de 2012 \u00e0 2013<\/td><td class=\"has-text-align-center\" data-align=\"center\">177 \u20ac<\/td><td class=\"has-text-align-center\" data-align=\"center\">147 \u20ac<\/td><\/tr><tr><td class=\"has-text-align-left\" data-align=\"left\">Cadet de 2009 \u00e0 2011<\/td><td class=\"has-text-align-center\" data-align=\"center\">177 \u20ac<\/td><td class=\"has-text-align-center\" data-align=\"center\">147 \u20ac<\/td><\/tr><tr><td class=\"has-text-align-left\" data-align=\"left\">Junior de 2006 \u00e0 2008<\/td><td class=\"has-text-align-center\" data-align=\"center\">193 \u20ac<\/td><td class=\"has-text-align-center\" data-align=\"center\">158 \u20ac<\/td><\/tr><tr><td class=\"has-text-align-left\" data-align=\"left\">Senior 1 de 1981 \u00e0 2005<\/td><td class=\"has-text-align-center\" data-align=\"center\">245 \u20ac<\/td><td class=\"has-text-align-center\" data-align=\"center\">200 \u20ac<\/td><\/tr><tr><td class=\"has-text-align-left\" data-align=\"left\">Senior 2 de 1966 \u00e0 1980<\/td><td class=\"has-text-align-center\" data-align=\"center\">245 \u20ac<\/td><td class=\"has-text-align-center\" data-align=\"center\">200 \u20ac<\/td><\/tr><tr><td class=\"has-text-align-left\" data-align=\"left\">Senior 3 &lt;= 1965<\/td><td class=\"has-text-align-center\" data-align=\"center\">245 \u20ac<\/td><td class=\"has-text-align-center\" data-align=\"center\">200 \u20ac<\/td><\/tr><tr><td class=\"has-text-align-left\" data-align=\"left\">2<sup>\u00e8me<\/sup> Club Senior<\/td><td class=\"has-text-align-center\" data-align=\"center\">153 \u20ac<\/td><td class=\"has-text-align-center\" data-align=\"center\">108 \u20ac<\/td><\/tr><\/tbody><\/table><\/figure>\n<\/div>\n<\/div>\n\n\n\n<p>Les tarifs affich\u00e9s comprennent le droit d&rsquo;entr\u00e9e, la cotisation du club et la licence f\u00e9d\u00e9rale de la F\u00e9d\u00e9ration Fran\u00e7aise de Tir. (assurances incluses)<\/p>\n\n\n\n<p>Restent \u00e0 la charge des adh\u00e9rents les \u00ab\u00a0consommables\u00a0\u00bb : cibles, plombs et munitions (uniquement 22LR) qui peuvent \u00eatre achet\u00e9s au stand (dans la limite des stocks disponibles).<\/p>\n\n\n\n<p>Les pr\u00eats d\u2019armes (carabine et pistolet \u00e0 air comprim\u00e9 ou 22LR) sont gratuits.<\/p>\n\n\n\n<p>Pour l\u2019\u00e9cole de tir (poussin \u00e0 minimes) et pour les cadets et juniors pratiquant la comp\u00e9tition les consommables sont gratuits.<\/p>\n\n\n\n<p><strong>EXTERIEUR LICENCIE<\/strong>&nbsp;(Occasionnel) : 15 euros la s\u00e9ance si l\u2019affluence le permet, la priorit\u00e9 d\u2019acc\u00e8s reste aux membres du club.<\/p>\n\n\n\n<p><strong>2<sup>\u00e8me<\/sup> MEMBRE DE LA FAMILLE<\/strong>&nbsp;: 20 euros de moins sur la cotisation (\u00e9poux, \u00e9pouse et\/ou enfant senior)<\/p>\n\n\n\n<h2 class=\"wp-block-heading\" id=\"modalites-d-inscription\">Modalit\u00e9s d\u2019inscription<\/h2>\n\n\n\n<ol class=\"wp-block-list\">\n<li><strong><u>Pour les nouveaux inscrits n\u2019ayant jamais \u00e9t\u00e9 licenci\u00e9s \u00e0 la&nbsp;FFTir<\/u><\/strong>\n<ul class=\"wp-block-list\">\n<li>Les inscriptions se feront, aux heures d\u2019ouverture du stand de tir, sur liste d\u2019attente \u00e0 partir du lundi 1er septembre 2025,<\/li>\n\n\n\n<li>Pas de r\u00e9servation ni de pr\u00e9-inscription,<\/li>\n\n\n\n<li>Le nombre d\u2019inscription sera limit\u00e9 en fonction des non-renouvellements car notre stand \u00e9tait d\u00e9j\u00e0 \u00e0 sa capacit\u00e9 maximum&nbsp;&nbsp;(333 adh\u00e9rents la saison derni\u00e8re) en fonction du nombre de pas de tir,<\/li>\n\n\n\n<li>La priorit\u00e9 sera donn\u00e9e aux habitants des 12 communes de la communaut\u00e9 de Saint Quentin en Yvelines (Voisins le Bretonneux, Montigny le Bretonneux, Guyancourt, Trappes, Magny les Hameaux, Plaisir, Elancourt, Maurepas, Coigni\u00e8res, La Verri\u00e8re, Plaisir, Les Clayes&nbsp;sous bois),<\/li>\n\n\n\n<li>L\u2019inscription \u00e0 l\u2019initiation\/d\u00e9couverte du tir sportif (co\u00fbt30\u20ac et pi\u00e8ce d\u2019identit\u00e9 obligatoire) d\u2019une dur\u00e9e de 2 heures est un pr\u00e9alable \u00e0 l\u2019adh\u00e9sion au club de tir, elle est soumise \u00e0 la nouvelle r\u00e9glementation de la&nbsp;FFTir&nbsp;(consultation du fichier FINIADA)<\/li>\n<\/ul>\n<\/li>\n\n\n\n<li><strong><u>Pour les mutations<\/u><\/strong>\n<ul class=\"wp-block-list\">\n<li>En principe aucune mutation ne sera accept\u00e9e,<\/li>\n\n\n\n<li>Elle pourra l\u2019\u00eatre dans le cas d\u2019un d\u00e9m\u00e9nagement dans une des 12 communes de la communaut\u00e9 de communes (toujours dans la limite des places disponibles)<\/li>\n<\/ul>\n<\/li>\n\n\n\n<li><strong><u>Pour l\u2019\u00e9cole de tir<\/u><\/strong>\n<ul class=\"wp-block-list\">\n<li>Le nombre d\u2019inscriptions sera \u00e9galement limit\u00e9,<\/li>\n\n\n\n<li>Ecole de tir&nbsp;: n\u00e9 entre 2011 et 2016,<\/li>\n\n\n\n<li>Les inscriptions se feront le jour du forum des associations de Voisins le Bretonneux le samedi 6 septembre 2025,<\/li>\n\n\n\n<li>Tests de tir (carabine et\/ou pistolet \u00e0 air comprim\u00e9) le mardi 9 septembre 2025 apr\u00e8s-midi (de 14 \u00e0 17 heures),<\/li>\n\n\n\n<li>Les s\u00e9ances d\u2019entra\u00eenement de septembre 2025 \u00e0 juin 2026 ont lieu le mardi soir (sauf pendant les vacances scolaires) de 17h \u00e0 19h (premier groupe de 17h \u00e0 18h, deuxi\u00e8me groupe 18h \u00e0 19h &#8211; 8 tireurs par groupe),<\/li>\n\n\n\n<li>La participation aux comp\u00e9titions (gestion sportive de la&nbsp;FFTir&nbsp;et Circuit des Ecoles de Tir des Yvelines) est <strong>obligatoire,<\/strong><\/li>\n\n\n\n<li>Une \u00ab&nbsp;Chartre de l\u2019\u00e9cole de tir&nbsp;\u00bb vous sera remise lors de l\u2019inscription \u00e0 l\u2019\u00e9cole de tir pour pr\u00e9ciser ces dispositions.<\/li>\n<\/ul>\n<\/li>\n<\/ol>\n\n\n\n<h2 class=\"wp-block-heading\" id=\"l-inscription-au-club-comprend\">L\u2019inscription au club comprend<\/h2>\n\n\n\n<ul class=\"wp-block-list\">\n<li>L\u2019assurance au pas de tir (Contrat SMACL &#8211;&nbsp;FFTir)<\/li>\n\n\n\n<li>Un contrat responsabilit\u00e9 civile ACM (Assurances Cr\u00e9dit Mutuel),<\/li>\n\n\n\n<li>La licence de la F\u00e9d\u00e9ration Fran\u00e7aise de Tir,<\/li>\n\n\n\n<li>Le pr\u00eat des armes \u00e0 air comprim\u00e9 et \u00e0 percussion annulaire (carabine ou pistolet calibre 22LR),<\/li>\n\n\n\n<li>Les consommables (cibles, plombs et cartouches 22LR) sont gratuits uniquement pour l\u2019\u00e9cole de tir et les cadets et juniors participant aux comp\u00e9titions,<\/li>\n\n\n\n<li>L\u2019acc\u00e8s au pas de tir 10m et 25\/50m (sous conditions restrictives)<\/li>\n\n\n\n<li><strong>Il est obligatoire de r\u00e9server un pas de tir. Ceci s&rsquo;effectue en cliquant <a href=\"https:\/\/avtsportif78.mygrr.net\/login.php\">ici<\/a>. <\/strong><\/li>\n<\/ul>\n","protected":false},"excerpt":{"rendered":"<p>COTISATION ADH\u00c9RENTS 2025\/2026 Cat\u00e9gories Tarifs pour une premi\u00e8re inscription Tarifs pour un renouvellement Poussin de 2016 \u00e0 2017 177 \u20ac 147 \u20ac Benjamin de 2014 \u00e0 2015 177 \u20ac 147 \u20ac Minime de 2012 \u00e0 2013 177 \u20ac 147 \u20ac Cadet de 2009 \u00e0 2011 177 \u20ac 147 \u20ac Junior de 2006 \u00e0 2008 193 &hellip; <a href=\"https:\/\/www.avtsportif.fr\/index.php\/les-tarifs\/\" class=\"more-link\">Continuer la lecture<span class=\"screen-reader-text\"> de &laquo;&nbsp;Tarifs et inscription&nbsp;&raquo;<\/span><\/a><\/p>\n","protected":false},"author":1,"featured_media":0,"parent":0,"menu_order":0,"comment_status":"closed","ping_status":"closed","template":"","meta":{"ngg_post_thumbnail":0,"footnotes":""},"class_list":["post-161","page","type-page","status-publish","hentry"],"_links":{"self":[{"href":"https:\/\/www.avtsportif.fr\/index.php\/wp-json\/wp\/v2\/pages\/161","targetHints":{"allow":["GET"]}}],"collection":[{"href":"https:\/\/www.avtsportif.fr\/index.php\/wp-json\/wp\/v2\/pages"}],"about":[{"href":"https:\/\/www.avtsportif.fr\/index.php\/wp-json\/wp\/v2\/types\/page"}],"author":[{"embeddable":true,"href":"https:\/\/www.avtsportif.fr\/index.php\/wp-json\/wp\/v2\/users\/1"}],"replies":[{"embeddable":true,"href":"https:\/\/www.avtsportif.fr\/index.php\/wp-json\/wp\/v2\/comments?post=161"}],"version-history":[{"count":18,"href":"https:\/\/www.avtsportif.fr\/index.php\/wp-json\/wp\/v2\/pages\/161\/revisions"}],"predecessor-version":[{"id":1546,"href":"https:\/\/www.avtsportif.fr\/index.php\/wp-json\/wp\/v2\/pages\/161\/revisions\/1546"}],"wp:attachment":[{"href":"https:\/\/www.avtsportif.fr\/index.php\/wp-json\/wp\/v2\/media?parent=161"}],"curies":[{"name":"wp","href":"https:\/\/api.w.org\/{rel}","templated":true}]}}