{"id":217,"date":"2022-02-14T22:03:58","date_gmt":"2022-02-14T21:03:58","guid":{"rendered":"https:\/\/www.avtsportif.fr\/?page_id=217"},"modified":"2023-09-18T19:17:44","modified_gmt":"2023-09-18T17:17:44","slug":"documentation-sur-le-tir","status":"publish","type":"page","link":"https:\/\/www.avtsportif.fr\/index.php\/documentation-sur-le-tir\/","title":{"rendered":"Documentation sur le TIR"},"content":{"rendered":"\n<h2 class=\"wp-block-heading\" id=\"technique-de-tir\">Technique de tir<\/h2>\n\n\n\n<figure class=\"wp-block-table\"><table><tbody><tr><td><strong>Th\u00e8mes \u00e9voqu\u00e9s<\/strong><\/td><\/tr><tr><td><a href=\"https:\/\/www2021.avtsportif.fr\/Doc_sur_le_TIR\/Manuel%20de%20decouverte%20du%20tir%20sportif.pdf\" target=\"_blank\" rel=\"noreferrer noopener\">Manuel de d\u00e9couverte du tir sportif<\/a><\/td><\/tr><tr><td><a href=\"https:\/\/www.avtsportif.fr\/wp-content\/uploads\/2023\/02\/Initiation-au-tir-de-precision-au-pistolet.pdf\" target=\"_blank\" rel=\"noreferrer noopener\">Initiation au tir de pr\u00e9cision au pistolet<\/a><\/td><\/tr><tr><td><a href=\"https:\/\/www.avtsportif.fr\/wp-content\/uploads\/2023\/02\/Le-Lacher.pdf\" target=\"_blank\" rel=\"noreferrer noopener\">Initiation au tir sur cibles&nbsp;; \u00ab&nbsp;Le L\u00e2cher&nbsp;\u00bb<\/a><\/td><\/tr><\/tbody><\/table><\/figure>\n\n\n\n<p>Un peu de patience, ce qui suit est en cours de construction.<\/p>\n\n\n\n<h2 class=\"wp-block-heading\" id=\"poudre-noire\">Poudre noire<\/h2>\n\n\n\n<figure class=\"wp-block-table\"><table><tbody><tr><td><strong>Th\u00e8mes \u00e9voqu\u00e9s<\/strong><\/td><\/tr><tr><td><a href=\"https:\/\/www.avtsportif.fr\/wp-content\/uploads\/2023\/02\/Conseils-de-chargement-des-revolvers-a-poudre-noire.pdf\" target=\"_blank\" rel=\"noreferrer noopener\">Chargement des revolvers \u00e0 poudre noire<\/a><\/td><\/tr><tr><td><a href=\"https:\/\/www.avtsportif.fr\/wp-content\/uploads\/2023\/02\/Chargement-du-revolver-a-percussion.pdf\" target=\"_blank\" rel=\"noreferrer noopener\">Chargement du revolver \u00e0 percussion<\/a><\/td><\/tr><tr><td><a href=\"https:\/\/www.avtsportif.fr\/wp-content\/uploads\/2023\/02\/Recommandations-pour-le-tir-a-la-poudre-noire.pdf\" target=\"_blank\" rel=\"noreferrer noopener\">Recommandations pour le tir \u00e0 la poudre noire<\/a><\/td><\/tr><tr><td><a href=\"https:\/\/www.avtsportif.fr\/wp-content\/uploads\/2023\/02\/Table-de-chargement-Poudre-Noire-Vectan.pdf\" target=\"_blank\" rel=\"noreferrer noopener\">Table de chargement Poudre Noire&nbsp;Vectan<\/a><\/td><\/tr><tr><td><a href=\"https:\/\/www.avtsportif.fr\/wp-content\/uploads\/2023\/02\/Table-de-chargement-Poudre-Noire-Davide-Pedersoli.pdf\" target=\"_blank\" rel=\"noreferrer noopener\">Table de chargement Poudre Noire Davide&nbsp;Pedersoli<\/a><\/td><\/tr><tr><td><a href=\"https:\/\/www.avtsportif.fr\/wp-content\/uploads\/2023\/02\/Tableau-poudre-suisse.pdf\" target=\"_blank\" rel=\"noreferrer noopener\">Tableau des poudres noires Suisse<\/a><\/td><\/tr><\/tbody><\/table><\/figure>\n\n\n\n<h2 class=\"wp-block-heading\" id=\"rechargement\">Rechargement<\/h2>\n\n\n\n<figure class=\"wp-block-table\"><table><tbody><tr><td><strong>Th\u00e8mes \u00e9voqu\u00e9s<\/strong><\/td><\/tr><tr><td><a href=\"https:\/\/www.avtsportif.fr\/wp-content\/uploads\/2023\/02\/Methode-de-rechargement-des-cartouches.pdf\" target=\"_blank\" rel=\"noreferrer noopener\">M\u00e9thode de rechargement des cartouches<\/a><\/td><\/tr><tr><td><a href=\"https:\/\/www.avtsportif.fr\/wp-content\/uploads\/2023\/02\/Rechargement-des-cartouches-a-percussion-centrale.pdf\" target=\"_blank\" rel=\"noreferrer noopener\">Rechargement des cartouches \u00e0 percussion centrale<\/a><\/td><\/tr><tr><td><a href=\"https:\/\/www.avtsportif.fr\/wp-content\/uploads\/2023\/02\/Table-de-chargement-Vihtavuori.pdf\" target=\"_blank\" rel=\"noreferrer noopener\">Table de chargement&nbsp;Vihtavuori<\/a><\/td><\/tr><tr><td><a href=\"https:\/\/www.avtsportif.fr\/wp-content\/uploads\/2023\/02\/Table-Vectan-Armes-de-poing.pdf\" target=\"_blank\" rel=\"noreferrer noopener\">Table de chargement&nbsp;Vectan&nbsp;Armes de poing<\/a><\/td><\/tr><tr><td>&nbsp;<a href=\"https:\/\/www.avtsportif.fr\/wp-content\/uploads\/2023\/02\/Table-Vectan-Armes-d-epaule.pdf\" target=\"_blank\" rel=\"noreferrer noopener\">Table de chargement&nbsp;Vectan&nbsp;Armes d\u2019\u00e9paule<\/a><\/td><\/tr><\/tbody><\/table><\/figure>\n\n\n\n<h2 class=\"wp-block-heading\" id=\"documents-officiels-de-la-fftir\">Documents officiels de la FFTir<\/h2>\n\n\n\n<figure class=\"wp-block-table\"><table><tbody><tr><td><strong>Th\u00e8mes \u00e9voqu\u00e9s<\/strong><\/td><\/tr><tr><td><a href=\"https:\/\/www.avtsportif.fr\/wp-content\/uploads\/2023\/09\/Manuel-de-tir-sportif-148x210-10_2022-web.pdf\" target=\"_blank\" rel=\"noreferrer noopener\">Manuel de tir sportif<\/a><\/td><\/tr><tr><td>R\u00e8gles ISSF 2018 R\u00e8gles Techniques<\/td><\/tr><tr><td>R\u00e8glement IMSSU 2017 Silhouettes M\u00e9talliques<\/td><\/tr><tr><td>R\u00e8gles ISSF 2018 Carabine<\/td><\/tr><tr><td>R\u00e8gles ISSF 2018 Cible Mobile<\/td><\/tr><tr><td>R\u00e8gles ISSF 2019 Ecole de Tir<\/td><\/tr><tr><td>R\u00e8gles ISSF 2018 Pistolet<\/td><\/tr><tr><td>R\u00e8gles ISSF 2021 Pistolet 10m 5 coups<\/td><\/tr><tr><td>R\u00e8gles ISSF 2018 Plateau<\/td><\/tr><tr><td>R\u00e8gles IAU 2017 Arbal\u00e8te Field<\/td><\/tr><tr><td>R\u00e8gles IAU 2020 Arbal\u00e8te Match<\/td><\/tr><tr><td>R\u00e8gles TAR 2020<\/td><\/tr><tr><td>R\u00e8gles IPSC 2012<\/td><\/tr><tr><td>R\u00e8gles 22 Hunter 2014<\/td><\/tr><tr><td>R\u00e8gles&nbsp;Benchrest&nbsp;2019<\/td><\/tr><tr><td>R\u00e8gles MLAIC 2018 Armes Anciennes<\/td><\/tr><\/tbody><\/table><\/figure>\n","protected":false},"excerpt":{"rendered":"<p>Technique de tir Th\u00e8mes \u00e9voqu\u00e9s Manuel de d\u00e9couverte du tir sportif Initiation au tir de pr\u00e9cision au pistolet Initiation au tir sur cibles&nbsp;; \u00ab&nbsp;Le L\u00e2cher&nbsp;\u00bb Un peu de patience, ce qui suit est en cours de construction. Poudre noire Th\u00e8mes \u00e9voqu\u00e9s Chargement des revolvers \u00e0 poudre noire Chargement du revolver \u00e0 percussion Recommandations pour le &hellip; <a href=\"https:\/\/www.avtsportif.fr\/index.php\/documentation-sur-le-tir\/\" class=\"more-link\">Continuer la lecture<span class=\"screen-reader-text\"> de &laquo;&nbsp;Documentation sur le TIR&nbsp;&raquo;<\/span><\/a><\/p>\n","protected":false},"author":1,"featured_media":0,"parent":0,"menu_order":0,"comment_status":"closed","ping_status":"closed","template":"","meta":{"ngg_post_thumbnail":0,"footnotes":""},"class_list":["post-217","page","type-page","status-publish","hentry"],"_links":{"self":[{"href":"https:\/\/www.avtsportif.fr\/index.php\/wp-json\/wp\/v2\/pages\/217","targetHints":{"allow":["GET"]}}],"collection":[{"href":"https:\/\/www.avtsportif.fr\/index.php\/wp-json\/wp\/v2\/pages"}],"about":[{"href":"https:\/\/www.avtsportif.fr\/index.php\/wp-json\/wp\/v2\/types\/page"}],"author":[{"embeddable":true,"href":"https:\/\/www.avtsportif.fr\/index.php\/wp-json\/wp\/v2\/users\/1"}],"replies":[{"embeddable":true,"href":"https:\/\/www.avtsportif.fr\/index.php\/wp-json\/wp\/v2\/comments?post=217"}],"version-history":[{"count":27,"href":"https:\/\/www.avtsportif.fr\/index.php\/wp-json\/wp\/v2\/pages\/217\/revisions"}],"predecessor-version":[{"id":1240,"href":"https:\/\/www.avtsportif.fr\/index.php\/wp-json\/wp\/v2\/pages\/217\/revisions\/1240"}],"wp:attachment":[{"href":"https:\/\/www.avtsportif.fr\/index.php\/wp-json\/wp\/v2\/media?parent=217"}],"curies":[{"name":"wp","href":"https:\/\/api.w.org\/{rel}","templated":true}]}}